{"id":241,"date":"2023-11-17T09:28:33","date_gmt":"2023-11-17T08:28:33","guid":{"rendered":"https:\/\/neu.nord-it.net\/?page_id=241"},"modified":"2024-09-13T09:47:30","modified_gmt":"2024-09-13T07:47:30","slug":"impressum","status":"publish","type":"page","link":"https:\/\/www.nord-it.net\/?page_id=241","title":{"rendered":"Impressum"},"content":{"rendered":"\t\t<div data-elementor-type=\"wp-page\" data-elementor-id=\"241\" class=\"elementor elementor-241\" data-elementor-post-type=\"page\">\n\t\t\t\t\t\t<section class=\"elementor-section elementor-top-section elementor-element elementor-element-352ac1b5 elementor-section-full_width elementor-section-height-default elementor-section-height-default\" data-id=\"352ac1b5\" data-element_type=\"section\" data-e-type=\"section\">\n\t\t\t\t\t\t<div class=\"elementor-container elementor-column-gap-default\">\n\t\t\t\t\t<div class=\"elementor-column elementor-col-50 elementor-top-column elementor-element elementor-element-16f05e43\" data-id=\"16f05e43\" data-element_type=\"column\" data-e-type=\"column\">\n\t\t\t<div class=\"elementor-widget-wrap elementor-element-populated\">\n\t\t\t\t\t\t<div class=\"elementor-element elementor-element-6d4353f7 elementor-widget elementor-widget-heading\" data-id=\"6d4353f7\" data-element_type=\"widget\" data-e-type=\"widget\" data-widget_type=\"heading.default\">\n\t\t\t\t<div class=\"elementor-widget-container\">\n\t\t\t\t\t<h1 class=\"elementor-heading-title elementor-size-default\"><b>IMPRESSUM<\/b><\/h1>\t\t\t\t<\/div>\n\t\t\t\t<\/div>\n\t\t\t\t\t<\/div>\n\t\t<\/div>\n\t\t\t\t<div class=\"elementor-column elementor-col-50 elementor-top-column elementor-element elementor-element-5d2dbce6\" data-id=\"5d2dbce6\" data-element_type=\"column\" data-e-type=\"column\">\n\t\t\t<div class=\"elementor-widget-wrap elementor-element-populated\">\n\t\t\t\t\t\t<div class=\"elementor-element elementor-element-3438c20c elementor-widget elementor-widget-text-editor\" data-id=\"3438c20c\" data-element_type=\"widget\" data-e-type=\"widget\" data-widget_type=\"text-editor.default\">\n\t\t\t\t<div class=\"elementor-widget-container\">\n\t\t\t\t\t\t\t\t\t<p><b>NIT Nord IT Hamburg GmbH<\/b><\/p><p>Wandsbeker\u00a0Marktstr. 69<br \/>22041 Hamburg<\/p><p>Tel.:\u00a0\u00a0\u00a0\u00a0\u00a0+49 40 6704820-0<br \/>Fax:\u00a0\u00a0\u00a0\u00a0\u00a0+49 40 6704820-29<br \/>Mobil:\u00a0\u00a0\u00a0+49 163 5611428<br \/>E-Mail:\u00a0\u00a0\u00a0richter@nord-it.net<\/p><p>\u00a0<\/p>\t\t\t\t\t\t\t\t<\/div>\n\t\t\t\t<\/div>\n\t\t\t\t\t<\/div>\n\t\t<\/div>\n\t\t\t\t\t<\/div>\n\t\t<\/section>\n\t\t\t\t<section class=\"elementor-section elementor-top-section elementor-element elementor-element-13f52e3 elementor-section-full_width elementor-section-height-default elementor-section-height-default\" data-id=\"13f52e3\" data-element_type=\"section\" data-e-type=\"section\">\n\t\t\t\t\t\t<div class=\"elementor-container elementor-column-gap-default\">\n\t\t\t\t\t<div class=\"elementor-column elementor-col-100 elementor-top-column elementor-element elementor-element-64d8e22\" data-id=\"64d8e22\" data-element_type=\"column\" data-e-type=\"column\">\n\t\t\t<div class=\"elementor-widget-wrap elementor-element-populated\">\n\t\t\t\t\t\t<div class=\"elementor-element elementor-element-7e4e3e9 elementor-widget elementor-widget-text-editor\" data-id=\"7e4e3e9\" data-element_type=\"widget\" data-e-type=\"widget\" data-widget_type=\"text-editor.default\">\n\t\t\t\t<div class=\"elementor-widget-container\">\n\t\t\t\t\t\t\t\t\t<p><strong>Gesch\u00e4ftsf\u00fchrer:<\/strong><\/p>\n<p>Bernd Richter<\/p>\n<p>Registergericht: Hamburg-Wandsbek<br>Registernummer: HRB 137028<\/p>\n<p>Umsatzsteuer-Identifikationsnummer<br>gem. \u00a727 a Umsatzsteuergesetz: DE 261844325<\/p>\n<p>Inhaltlich Verantwortlicher:<br>gem. \u00a710 Absatz 3 MDStV: NIT Nord IT Hamburg GmbH<\/p>\n<p>(Anschrift wie oben)<\/p>\n<p><strong>Rechtliche Hinweise, Qualit\u00e4tssicherung und Haftungshinweis:<\/strong><\/p>\n<p>Die Auswahl der Informationen erfolgte nach bestem Wissen und Gewissen. F\u00fcr Inhalte und Angebote Dritter \u00fcbernehmen wir keine Haftung. mDie NIT Nord IT Hamburg GmbH ist bem\u00fcht, auf Ihrer Internetseite stets richtige, aktuelle und vollst\u00e4ndige Informationen bereitzustellen und \u00e4ndert oder erg\u00e4nzt diese daher bei Bedarf laufend und ohne vorherige Ank\u00fcndigung. Dennoch m\u00fcssen wir f\u00fcr Korrektheit, Aktualit\u00e4t und Vollst\u00e4ndigkeit jede Gew\u00e4hr, Haftung oder Garantie ausschlie\u00dfen. Dies gilt auch f\u00fcr alle Verweise, so genannte &#8222;Hyperlinks&#8220;, die die NIT Nord IT Hamburg GmbH auf Ihrer Internetseite direkt oder indirekt anbietet. Die NIT Nord IT Hamburg GmbH kann f\u00fcr die Inhalte solcher externen Seiten, die Sie mittels eines Links oder sonstiger Hinweise erreichen, keine Verantwortung \u00fcbernehmen. Ferner haftet die NIT Nord IT Hamburg GmbH nicht f\u00fcr direkte oder indirekte Sch\u00e4de (inkl. entgangener Gewinne), die auf Informationen zur\u00fcckgef\u00fchrt werdne k\u00f6nnen, die auf diesen externen Internetseiten stehen.<\/p>\n<p><strong><br>Marken:<\/strong><\/p>\n<p>Alle auf unserer Internetseite genannten Produkte sind Marken der jeweiligen Firmen.<\/p>\n<p><strong><br>Bildnachweise:<\/strong><\/p>\n<p>Wortmann AG\u00a9, Cortex IT\u00a9, Reiner SCT GmbH\u00a9, SoftENGINE GmbH\u00a9, Inoxision GmbH\u00a9, fotolia.com.<\/p>\t\t\t\t\t\t\t\t<\/div>\n\t\t\t\t<\/div>\n\t\t\t\t\t<\/div>\n\t\t<\/div>\n\t\t\t\t\t<\/div>\n\t\t<\/section>\n\t\t\t\t<\/div>\n\t\t","protected":false},"excerpt":{"rendered":"<p>IMPRESSUM NIT Nord IT Hamburg GmbH Wandsbeker\u00a0Marktstr. 6922041 Hamburg Tel.:\u00a0\u00a0\u00a0\u00a0\u00a0+49 40 6704820-0Fax:\u00a0\u00a0\u00a0\u00a0\u00a0+49 40 6704820-29Mobil:\u00a0\u00a0\u00a0+49 163 5611428E-Mail:\u00a0\u00a0\u00a0richter@nord-it.net \u00a0 Gesch\u00e4ftsf\u00fchrer: Bernd Richter Registergericht: Hamburg-WandsbekRegisternummer: HRB 137028 Umsatzsteuer-Identifikationsnummergem. \u00a727 a Umsatzsteuergesetz: DE 261844325 Inhaltlich Verantwortlicher:gem. \u00a710 Absatz 3 MDStV: NIT Nord IT Hamburg GmbH (Anschrift wie oben) Rechtliche Hinweise, Qualit\u00e4tssicherung und Haftungshinweis: Die Auswahl der Informationen erfolgte nach&hellip; <a class=\"more-link\" href=\"https:\/\/www.nord-it.net\/?page_id=241\"><span class=\"screen-reader-text\">Impressum<\/span> weiterlesen<\/a><\/p>\n","protected":false},"author":1,"featured_media":0,"parent":0,"menu_order":0,"comment_status":"closed","ping_status":"closed","template":"elementor_header_footer","meta":{"inline_featured_image":false,"footnotes":""},"class_list":["post-241","page","type-page","status-publish","hentry","entry"],"_links":{"self":[{"href":"https:\/\/www.nord-it.net\/index.php?rest_route=\/wp\/v2\/pages\/241","targetHints":{"allow":["GET"]}}],"collection":[{"href":"https:\/\/www.nord-it.net\/index.php?rest_route=\/wp\/v2\/pages"}],"about":[{"href":"https:\/\/www.nord-it.net\/index.php?rest_route=\/wp\/v2\/types\/page"}],"author":[{"embeddable":true,"href":"https:\/\/www.nord-it.net\/index.php?rest_route=\/wp\/v2\/users\/1"}],"replies":[{"embeddable":true,"href":"https:\/\/www.nord-it.net\/index.php?rest_route=%2Fwp%2Fv2%2Fcomments&post=241"}],"version-history":[{"count":16,"href":"https:\/\/www.nord-it.net\/index.php?rest_route=\/wp\/v2\/pages\/241\/revisions"}],"predecessor-version":[{"id":288,"href":"https:\/\/www.nord-it.net\/index.php?rest_route=\/wp\/v2\/pages\/241\/revisions\/288"}],"wp:attachment":[{"href":"https:\/\/www.nord-it.net\/index.php?rest_route=%2Fwp%2Fv2%2Fmedia&parent=241"}],"curies":[{"name":"wp","href":"https:\/\/api.w.org\/{rel}","templated":true}]}}